= -b**3 - 18*b**2 + 9*b + 47. What is the tens digit of s(-19)?
3
Let g = 2 - 0. What is the units digit of g?
2
Let u(s) = -s**3 - 4*s**2 + 3*s + 6. Let r be u(-4). Let a(d) = -d - 2. What is the units digit of a(r)?
4
Let b(u) = u**2 + 9*u + 10. Let h be b(-8). Suppose 0 = -4*m + h + 2. Suppose 4*c - m = 7. What is the units digit of c?
2
Suppose -105 = p + 4*p. What is the tens digit of p/2*(-2)/1?
2
Let a(s) = -8*s - 13. Let h be a(-4). Suppose -2*v + 58 = -5*j, j - 4*j - 14 = 4*v. Let w = j + h. What is the units digit of w?
9
Let m = 10 + 0. What is the tens digit of m?
1
What is the units digit of (-3)/(-9)*3 - -5?
6
Let y(m) = 2*m**2 + 12*m - 10. What is the units digit of y(-7)?
4
Let s(q) = -q + 10. Let o be s(7). Suppose 4*d - o*d - 11 = 0. What is the tens digit of d?
1
What is the tens digit of 2/(-7) + 0 + (-1062)/(-42)?
2
Suppose -4*k + w + 102 = -w, -66 = -2*k - 2*w. What is the tens digit of k?
2
Suppose 2*o = 2*u + 2, -4*o = -0*u - 2*u. Let l be (-6)/3 + u + -6. What is the units digit of -3*2/3 - l?
8
Suppose -6*l = -7*l + 18. What is the units digit of l?
8
Let m = 7 - 4. Suppose 2*a = -m*a + 15. Suppose -a*q + 0*d + d = -4, 2 = -q + d. What is the units digit of q?
3
Let w = -13 - -18. Let k be 3/(-6) - (-50)/4. Suppose -w*q = -k - 3. What is the units digit of q?
3
Let j(s) = -s**3 + 13*s**2 - 8*s + 1. What is the hundreds digit of j(6)?
2
Let k be -8*((-15)/6 + 2). Suppose -k*u + 5*r - 13 = -2*u, -r = -u + 1. What is the units digit of u?
6
Suppose 0 = -3*f - 133 + 1222. What is the hundreds digit of f?
3
Let v(o) = 6*o - 33. What is the tens digit of v(13)?
4
Let a be -1 - 3/((-2)/2). Suppose a*l = 14 + 12. What is the units digit of l?
3
Let f be (2 - 16)/(-2)*-1. Let j = f + 4. Let w = j - -7. What is the units digit of w?
4
Let q = -20 + 10. Let r = -5 - q. Suppose 2*f - w = -4*w + 19, -r = 2*f - 5*w. What is the units digit of f?
5
Let g = 17 - 15. Let w(l) = 10*l**2 + 3*l - 5. What is the tens digit of w(g)?
4
Let g = 13 - 5. What is the units digit of g?
8
Let x be 398/4 + 2/(-4). Suppose b - 25 + 103 = 2*f, -3*b = 3*f - x. What is the units digit of f?
7
Let c = -9 + 21. What is the units digit of (5/3)/(4/c)?
5
Let c be 2/5 + (-208)/(-80). Let p be 41/2 - (-2)/(-4). Suppose 4*d - p = -5*y - d, y = c*d. What is the units digit of y?
3
Let x be 4/(-14) - 16/(-7). Suppose -7*b + x*b = -4*d - 37, -5*d - 30 = -3*b. Suppose -3*i = -v + b*v + 4, -2*i = -3*v - 20. What is the units digit of i?
4
Suppose 0 = j - 25. What is the units digit of j?
5
Let v(o) = o**3 + 7*o**2 - 2*o + 1. Let a be v(-6). Let d = 84 - a. What is the tens digit of d?
3
Let b = -8 + 13. Suppose b*x = 2 + 8. Suppose 0 = 4*t - x*t - 2. What is the units digit of t?
1
What is the units digit of (-28)/(-7)*(-9)/(-4)?
9
Suppose 0 = 2*k + 4*s + 16, -5*k - 3*s + 20 = -5*s. Let p(c) = 2*c. Let q be p(k). Suppose -q*h = -5*l + 18, -7 + 1 = -2*l + h. What is the units digit of l?
2
Suppose -2 = -o, -o - 2*o - 2 = -4*h. Let x be (h - 3)/(0 + -1). What is the units digit of x - 1 - (-1 - 0)?
1
Suppose -a = 4*a + 60. Let g be (-26)/(-12) + 2/a. Suppose g = 3*n - n. What is the units digit of n?
1
Suppose 44 + 26 = -5*o. What is the units digit of 0 - 0/3 - o?
4
Let b = -7 + 11. Suppose j - b*a - 31 = -3*a, 0 = -j - 4*a + 11. What is the tens digit of j?
2
Let y = 54 - 56. Let d(b) = -3*b + 3. Let n be d(3). What is the tens digit of (8/n)/(y/21)?
1
Suppose 1150 = -p + 11*p. What is the units digit of p?
5
Suppose -2*m + 24 = -m. Let w = m - 9. What is the units digit of w?
5
Suppose x - 38 = 6*x + 3*w, 3*x = -5*w - 26. What is the units digit of (-142)/x + (-10)/35?
0
What is the tens digit of (-33)/((-180)/55 + 3)?
2
Suppose 26 + 10 = -4*o. Let v = o - -29. Let f = 29 - v. What is the units digit of f?
9
What is the units digit of (-15)/(-45) + 164/3?
5
Suppose 2 - 6 = -2*n. Suppose n*m + 24 = 5*m. Suppose -3*t = -m*t + 5. What is the units digit of t?
1
Let x(a) = -9*a - 2. What is the tens digit of x(-3)?
2
Let w = -6 - -9. Suppose -4*l = 3*n - 79, w*n - 64 = -n + 5*l. What is the units digit of n?
1
Let w(g) = 4*g**2 + g. Let n be w(-1). Suppose 2*z = n*z - 2. Suppose 3*t = 3*p - z*p + 29, 23 = t + 3*p. What is the units digit of t?
1
Suppose 0 = -k + 6*k + x - 613, 5*k - 3*x - 601 = 0. What is the units digit of k?
2
Suppose 2*t = -0 + 4. Suppose -t*c + 10 = 0, 4*a - 4*c = -26 + 10. What is the units digit of a?
1
Let z(g) be the first derivative of -2*g**2 + 3*g + 1. Suppose 0 = 24*p - 26*p - 6. What is the tens digit of z(p)?
1
Let v be 10 - -676 - -1*1. What is the tens digit of (-4)/(-14) - v/(-21)?
3
Let k(s) = 2*s + 3. Let z(c) = -5*c - 8. Let n(m) = 7*k(m) + 2*z(m). Let y be n(4). What is the units digit of 2/((-15)/y - -1)?
7
Suppose 0 = -d - 2*d + 261. What is the units digit of d?
7
Let j = 3 - -8. Suppose j = 4*t - 5. Suppose t*a - 52 = -5*n, -4*n + a = -0*n - 29. What is the units digit of n?
8
Suppose 3*j + 3*x - 3 = 5*j, j - 4*x = 1. Let s(n) = n - 1. Let u(i) = i**2 + 2*i + 3. Let t(c) = s(c) + u(c). What is the units digit of t(j)?
2
Suppose 5*z + 4 - 14 = 0. Suppose 2*b = 4 + z. What is the units digit of b?
3
Suppose 5 = -h - w, 3*h = 8*h - 4*w - 20. Suppose h = -0*p + 5*p. What is the units digit of (-6 + p)*(-4)/3?
8
Suppose 2*w + 0*w = 0. Suppose 3*m + 4*f = -2, -m = -w*m + 4*f + 6. What is the units digit of m - (-8 + 1 + 1)?
8
Let o(b) be the second derivative of 1/2*b**3 + 0 + 2*b - 7/2*b**2. What is the tens digit of o(6)?
1
Suppose 19 = 4*g - 5. What is the units digit of (-136)/(-6) + 2/g?
3
Suppose 4*j - 33 = -5*g - 0*j, -4*j = 2*g - 6. Let m = 14 - g. Let l = m + 11. What is the units digit of l?
6
Let j(h) = 43*h - 2. What is the units digit of j(1)?
1
Let z(r) be the first derivative of 44*r**3/3 - r**2 + r + 3. What is the tens digit of z(1)?
4
What is the units digit of -5*(4 - 0)/(-4)*55?
5
Suppose j = 1 + 1. Suppose -11 = -z + j. What is the units digit of z?
3
What is the hundreds digit of (-3895)/(-38)*-8*(-1)/5?
1
Let q(t) = 5*t + 0*t**2 + t**3 + 9*t**2 - 11 + t**2 + 2*t. What is the units digit of q(-9)?
7
Suppose z + 7*k + 17 = 2*k, z = 2*k + 11. Suppose -z*q + 5*q - 22 = 0. What is the tens digit of q?
1
Suppose 2*l = -2*b + 4*b, -4 = 2*l - 4*b. Suppose l*y + 6 = 4*y. Suppose -y*h = d - 14, -d = -3*h - 2*h + 10. What is the units digit of d?
5
Let b(c) be the first derivative of -c**4/2 - c**3 + 2*c**2 + 2*c - 2. Let a be b(-3). Suppose 2*l - a = -q, 5*l = 3*q - q - 34. What is the tens digit of q?
1
Suppose 0 = -h - 2*h. Suppose 2*l - v - 2*v - 6 = h, 2*l - 22 = -v. Suppose -k - l = -4*k. What is the units digit of k?
3
What is the units digit of 14*(-125)/(-20) + 1/2?
8
What is the units digit of (115/(-15))/(2/(-18))?
9
Let v be (2/(-4))/(1/(-2)). Let a = v - -2. What is the units digit of a?
3
Let t = 16 - 11. Let g = 26 - 5. Suppose -4*b + t = k - g, 22 = k + 2*b. What is the tens digit of k?
1
Let c = -5 + 10. Suppose 0*u - 156 = -c*q - 2*u, q + u = 33. What is the tens digit of q?
3
Let o(k) be the second derivative of 7/6*k**3 - 1/12*k**4 + 0 + 4*k - 2*k**2. What is the units digit of o(3)?
8
Let m = 40 + 16. What is the tens digit of m?
5
Suppose -6 = y - 3. Let q(j) = -2*j - 1. What is the units digit of q(y)?
5
Suppose 2*g - 26 = 4*w, 2*w + 9 = -2*g + 23. What is the units digit of g?
9
Let m(i) = 21*i. What is the tens digit of m(1)?
2
Suppose t + 3*t = 5*j + 47, 0 = 2*t + 3*j - 51. Let w = t - -6. What is the units digit of w?
4
Suppose 3*w = 5*y + 30, 0*y - 20 = -2*w - 5*y. What is the units digit of w?
0
Suppose 3*c + 18 = -9. Let p be (-12)/c*27/3. Let v = p - 3. What is the units digit of v?
9
Suppose 0 = 2*x - 3*t + 4, 2 = -4*t + 5*t. What is the units digit of -4*(-2*x + 1)?
4
Suppose -p = -3*p + 18. What is the units digit of p?
9
Suppose -16 = 4*v - 2*c, 2*v - 5*c + 25 = -3*v. Let h(u) = -3*u - 2. What is the units digit of h(v)?
7
What is the hundreds digit of 8*((-12258)/(-48))/9?
2
Suppose 0 = -3*z + 3*k + 252, 420 = 3*z + 2*z + 3*k. What is the units digit of z?
4
Suppose 0 = 5*p + 4*q - 214, -p - 2*q = -q - 42. What is the units digit of p?
6
Let r(p) = 4*p + 4. Let w be r(5). Suppose -6*d = -2*d - w. What is the units digit of (-20)/d*(-3)/2?
5
Suppose 0 = 2*w + 5*t + 10 - 38, 2*w -